hen 1743 is divided by 115.
18
What is the remainder when 103 is divided by 15?
13
Calculate the remainder when 236 is divided by 60.
56
What is the remainder when 4131 is divided by 109?
98
What is the remainder when 728 is divided by 17?
14
What is the remainder when 1065 is divided by 9?
3
What is the remainder when 1852 is divided by 70?
32
Calculate the remainder when 28 is divided by 8.
4
What is the remainder when 960 is divided by 156?
24
Calculate the remainder when 203 is divided by 24.
11
Calculate the remainder when 815 is divided by 68.
67
What is the remainder when 86 is divided by 32?
22
What is the remainder when 573 is divided by 177?
42
What is the remainder when 295 is divided by 139?
17
Calculate the remainder when 3315 is divided by 31.
29
Calculate the remainder when 1599 is divided by 25.
24
What is the remainder when 2083 is divided by 22?
15
Calculate the remainder when 625 is divided by 17.
13
What is the remainder when 167 is divided by 49?
20
Calculate the remainder when 251 is divided by 24.
11
Calculate the remainder when 58 is divided by 21.
16
What is the remainder when 457 is divided by 220?
17
What is the remainder when 573 is divided by 190?
3
What is the remainder when 767 is divided by 53?
25
Calculate the remainder when 1363 is divided by 19.
14
What is the remainder when 197 is divided by 20?
17
Calculate the remainder when 1006 is divided by 347.
312
Calculate the remainder when 1122 is divided by 31.
6
What is the remainder when 603 is divided by 55?
53
What is the remainder when 2705 is divided by 900?
5
Calculate the remainder when 16 is divided by 8.
0
Calculate the remainder when 197 is divided by 194.
3
What is the remainder when 550 is divided by 24?
22
What is the remainder when 66 is divided by 34?
32
What is the remainder when 67 is divided by 16?
3
Calculate the remainder when 1320 is divided by 18.
6
Calculate the remainder when 11988 is divided by 21.
18
What is the remainder when 360 is divided by 110?
30
What is the remainder when 91 is divided by 27?
10
What is the remainder when 180 is divided by 41?
16
Calculate the remainder when 472 is divided by 84.
52
What is the remainder when 92 is divided by 24?
20
What is the remainder when 534 is divided by 66?
6
Calculate the remainder when 1346 is divided by 349.
299
Calculate the remainder when 99 is divided by 33.
0
What is the remainder when 123 is divided by 62?
61
Calculate the remainder when 93 is divided by 33.
27
Calculate the remainder when 192 is divided by 25.
17
Calculate the remainder when 210 is divided by 122.
88
What is the remainder when 1186 is divided by 119?
115
Calculate the remainder when 147 is divided by 8.
3
What is the remainder when 3028 is divided by 336?
4
Calculate the remainder when 2702 is divided by 52.
50
Calculate the remainder when 123 is divided by 53.
17
Calculate the remainder when 433 is divided by 110.
103
What is the remainder when 4382 is divided by 133?
126
Calculate the remainder when 80 is divided by 41.
39
Calculate the remainder when 140 is divided by 6.
2
Calculate the remainder when 764 is divided by 145.
39
What is the remainder when 2040 is divided by 2028?
12
Calculate the remainder when 167 is divided by 148.
19
Calculate the remainder when 86 is divided by 15.
11
Calculate the remainder when 1122 is divided by 49.
44
What is the remainder when 2233 is divided by 118?
109
Calculate the remainder when 1111 is divided by 26.
19
What is the remainder when 3601 is divided by 362?
343
What is the remainder when 49 is divided by 17?
15
What is the remainder when 114 is divided by 16?
2
Calculate the remainder when 9301 is divided by 8.
5
What is the remainder when 7227 is divided by 13?
12
Calculate the remainder when 28365 is divided by 9.
6
What is the remainder when 3106 is divided by 10?
6
Calculate the remainder when 1117 is divided by 613.
504
What is the remainder when 1168 is divided by 130?
128
Calculate the remainder when 230 is divided by 6.
2
Calculate the remainder when 200 is divided by 59.
23
Calculate the remainder when 1355 is divided by 12.
11
What is the remainder when 4031 is divided by 192?
191
What is the remainder when 261 is divided by 128?
5
What is the remainder when 863 is divided by 96?
95
What is the remainder when 213 is divided by 48?
21
Calculate the remainder when 228 is divided by 28.
4
What is the remainder when 824 is divided by 63?
5
What is the remainder when 65 is divided by 55?
10
What is the remainder when 2593 is divided by 49?
45
What is the remainder when 256 is divided by 45?
31
What is the remainder when 166 is divided by 126?
40
What is the remainder when 413 is divided by 13?
10
Calculate the remainder when 517 is divided by 168.
13
Calculate the remainder when 379 is divided by 43.
35
Calculate the remainder when 160 is divided by 38.
8
What is the remainder when 116 is divided by 53?
10
Calculate the remainder when 398 is divided by 26.
8
What is the remainder when 839 is divided by 35?
34
What is the remainder when 346 is divided by 52?
34
What is the remainder when 769 is divided by 235?
64
Calculate the remainder when 154 is divided by 82.
72
Calculate the remainder when 287 is divided by 49.
42
What is the remainder when 177 is divided by 26?
21
What is the remainder when 62 is divided by 7?
6
What is the remainder when 258 is divided by 148?
110
What is the remainder when 19 is divided by 3?
1
Calculate the remainder when 433 is divided by 94.
57
Calculate the remainder when 64 is divided by 53.
11
What is the remainder when 113 is divided by 26?
9
Calculate the remainder when 1101 is divided by 29.
28
What is the remainder when 167 is divided by 36?
23
What is the remainder when 1796 is divided by 63?
32
What is the remainder when 771 is divided by 366?
39
What is the remainder when 284 is divided by 41?
38
What is the remainder when 269 is divided by 28?
17
Calculate the remainder when 898 is divided by 294.
16
What is the remainder when 70 is divided by 19?
13
What is the remainder when 5144 is divided by 99?
95
Calculate the remainder when 809 is divided by 28.
25
Calculate the remainder when 1906 is divided by 474.
10
What is the remainder when 1034 is divided by 81?
62
Calculate the remainder when 90 is divided by 6.
0
Calculate the remainder when 4079 is divided by 51.
50
What is the remainder when 1389 is divided by 30?
9
Calculate the remainder when 527 is divided by 58.
5
Calculate the remainder when 60 is divided by 4.
0
Calculate the remainder when 456 is divided by 148.
12
What is the remainder when 2400 is divided by 240?
0
Calculate the remainder when 1374 is divided by 458.
0
What is the remainder when 79 is divided by 17?
11
Calculate the remainder when 8981 is divided by 18.
17
Calculate the remainder when 360 is divided by 25.
10
Calculate the remainder when 692 is divided by 17.
12
Calculate the remainder when 2899 is divided by 20.
19
Calculate the remainder when 120 is divided by 65.
55
What is the remainder when 193 is divided by 13?
11
Calculate the remainder when 831 is divided by 137.
9
Calculate the remainder when 29 is divided by 16.
13
Calculate the remainder when 296 is divided by 39.
23
What is the remainder when 687 is divided by 13?
11
What is the remainder when 3684 is divided by 17?
12
What is the remainder when 13758 is divided by 64?
62
Calculate the remainder when 448 is divided by 11.
8
What is the remainder when 168 is divided by 61?
46
Calculate the remainder when 1512 is divided by 128.
104
Calculate the remainder when 1126 is divided by 222.
16
Calculate the remainder when 13318 is divided by 180.
178
What is the remainder when 501 is divided by 84?
81
What is the remainder when 13270 is divided by 14?
12
What is the remainder when 108 is divided by 39?
30
Calculate the remainder when 137 is divided by 23.
22
Calculate the remainder when 14519 is divided by 12.
11
What is the remainder when 22461 is divided by 72?
69
Calculate the remainder when 324 is divided by 22.
16
What is the remainder when 309 is divided by 306?
3
What is the remainder when 2804 is divided by 72?
68
What is the remainder when 158 is divided by 15?
8
What is the remainder when 26144 is divided by 35?
34
Calculate the rema